er when 19207016 is divided by 107?
88
Calculate the remainder when 23812 is divided by 4203.
2797
What is the remainder when 83544 is divided by 978?
414
Calculate the remainder when 2548412 is divided by 148.
0
What is the remainder when 130468017 is divided by 172?
169
Calculate the remainder when 340625 is divided by 170236.
153
Calculate the remainder when 39427 is divided by 38935.
492
What is the remainder when 4362898 is divided by 11?
1
Calculate the remainder when 2065914 is divided by 814.
796
What is the remainder when 1947449 is divided by 886?
21
Calculate the remainder when 10479670 is divided by 522.
520
Calculate the remainder when 248239 is divided by 2340.
199
What is the remainder when 85574326 is divided by 7?
5
Calculate the remainder when 99281230 is divided by 38.
36
Calculate the remainder when 255730 is divided by 19665.
85
Calculate the remainder when 138320 is divided by 1487.
29
What is the remainder when 2252111 is divided by 212?
35
What is the remainder when 53778150 is divided by 1256?
1254
Calculate the remainder when 107460 is divided by 1820.
80
Calculate the remainder when 2113865 is divided by 605.
600
What is the remainder when 534404 is divided by 93?
26
What is the remainder when 626835 is divided by 4955?
2505
Calculate the remainder when 668108 is divided by 6472.
1492
Calculate the remainder when 364179 is divided by 90985.
239
Calculate the remainder when 151715 is divided by 15167.
45
Calculate the remainder when 55843 is divided by 933.
796
Calculate the remainder when 675962 is divided by 655.
2
What is the remainder when 13282979 is divided by 474391?
31
What is the remainder when 7582496 is divided by 199?
198
Calculate the remainder when 11492351 is divided by 14.
3
Calculate the remainder when 1946702 is divided by 275.
252
Calculate the remainder when 2303086 is divided by 127948.
22
Calculate the remainder when 18822 is divided by 1660.
562
Calculate the remainder when 4741330 is divided by 75259.
13
Calculate the remainder when 4273870 is divided by 1438.
134
What is the remainder when 4515574 is divided by 8472?
8470
What is the remainder when 16221909 is divided by 229?
7
What is the remainder when 116831 is divided by 38193?
2252
Calculate the remainder when 1504037 is divided by 375986.
93
Calculate the remainder when 20523 is divided by 2991.
2577
Calculate the remainder when 1074011 is divided by 2768.
27
What is the remainder when 48005786 is divided by 842?
840
What is the remainder when 1765879 is divided by 598?
583
What is the remainder when 7363584 is divided by 3308?
3284
What is the remainder when 20956 is divided by 76?
56
Calculate the remainder when 141261 is divided by 9209.
3126
Calculate the remainder when 7059555 is divided by 110305.
35
What is the remainder when 3283760 is divided by 218916?
20
What is the remainder when 13759205 is divided by 2600?
5
Calculate the remainder when 67422 is divided by 67005.
417
What is the remainder when 2512748 is divided by 52?
4
What is the remainder when 262344203 is divided by 43?
42
What is the remainder when 20590863 is divided by 28?
27
Calculate the remainder when 231943 is divided by 33056.
551
Calculate the remainder when 72119322 is divided by 122.
120
Calculate the remainder when 15128303 is divided by 5042756.
35
Calculate the remainder when 67309 is divided by 7451.
250
Calculate the remainder when 18992173 is divided by 16.
13
Calculate the remainder when 1467227 is divided by 365.
292
Calculate the remainder when 39951 is divided by 2680.
2431
Calculate the remainder when 1790101 is divided by 447465.
241
Calculate the remainder when 2597060353 is divided by 251.
250
What is the remainder when 276950 is divided by 276422?
528
What is the remainder when 966979 is divided by 322270?
169
What is the remainder when 195942 is divided by 394?
124
What is the remainder when 10702304 is divided by 417?
416
Calculate the remainder when 7552845 is divided by 1393.
1392
What is the remainder when 23489 is divided by 7532?
893
What is the remainder when 35176065 is divided by 16?
1
Calculate the remainder when 347362 is divided by 17364.
82
Calculate the remainder when 32981899 is divided by 1224.
1219
What is the remainder when 61541608 is divided by 1034?
1030
Calculate the remainder when 398460 is divided by 39823.
230
Calculate the remainder when 3278330 is divided by 81958.
10
Calculate the remainder when 223815697 is divided by 3155.
3152
What is the remainder when 45280944 is divided by 1195?
4
What is the remainder when 32115043 is divided by 3568336?
19
Calculate the remainder when 6581382 is divided by 193570.
2
Calculate the remainder when 8927133 is divided by 2502.
2499
Calculate the remainder when 83742 is divided by 747.
78
Calculate the remainder when 443588 is divided by 234.
158
Calculate the remainder when 20756 is divided by 117.
47
What is the remainder when 28187 is divided by 25290?
2897
Calculate the remainder when 1228373 is divided by 2279.
2271
What is the remainder when 5487243 is divided by 867?
0
Calculate the remainder when 29419874 is divided by 747.
26
Calculate the remainder when 1034341994 is divided by 4663.
4660
What is the remainder when 128613 is divided by 7510?
943
Calculate the remainder when 8368354 is divided by 557.
543
What is the remainder when 1176499 is divided by 24005?
254
What is the remainder when 1282093 is divided by 642?
19
Calculate the remainder when 4314854 is divided by 2157413.
28
Calculate the remainder when 421062298 is divided by 15.
13
Calculate the remainder when 371378 is divided by 14117.
4336
What is the remainder when 30411837 is divided by 424?
13
Calculate the remainder when 613845 is divided by 195.
180
Calculate the remainder when 409271 is divided by 29.
23
Calculate the remainder when 168829 is divided by 3148.
1985
What is the remainder when 68683 is divided by 5282?
17
Calculate the remainder when 55789 is divided by 5490.
889
Calculate the remainder when 121724 is divided by 2435.
2409
What is the remainder when 85252945 is divided by 36247?
1
Calculate the remainder when 94881 is divided by 210.
171
What is the remainder when 76480152 is divided by 355?
17
Calculate the remainder when 12854812 is divided by 12231.
31
What is the remainder when 8815907 is divided by 251883?
2
Calculate the remainder when 8313 is divided by 2129.
1926
Calculate the remainder when 5304255 is divided by 10008.
15
Calculate the remainder when 115003493 is divided by 129.
122
Calculate the remainder when 13201810 is divided by 27.
25
What is the remainder when 8908341 is divided by 8908327?
14
Calculate the remainder when 1081994 is divided by 12.
2
What is the remainder when 513511 is divided by 1027?
11
Calculate the remainder when 36820208 is divided by 854.
852
What is the remainder when 30665 is divided by 5415?
3590
What is the remainder when 704648 is divided by 46976?
8
What is the remainder when 32464 is divided by 1268?
764
What is the remainder when 41352230 is divided by 504?
38
Calculate the remainder when 4774034 is divided by 397836.
2
Calculate the remainder when 40958 is divided by 1314.
224
What is the remainder when 17728133 is divided by 37?
27
What is the remainder when 5327385 is divided by 881?
859
What is the remainder when 6991 is divided by 1360?
191
What is the remainder when 83444 is divided by 41720?
4
What is the remainder when 4166319 is divided by 1388769?
12
What is the remainder when 405637 is divided by 4715?
147
What is the remainder when 487405 is divided by 258?
43
Calculate the remainder when 6227467 is divided by 370.
367
Calculate the remainder when 5263862 is divided by 154819.
16
Calculate the remainder when 17684967 is divided by 9941.
9869
Calculate the remainder when 1694197148 is divided by 4896.
4892
Calculate the remainder when 422770 is divided by 1240.
1170
What is the remainder when 92312 is divided by 11536?
24
Calculate the remainder when 338774 is divided by 169355.
64
Calculate the remainder when 12248835 is divided by 532557.
24
What is the remainder when 19455547 is divided by 417?
412
What is the remainder when 8586655 is divided by 30?
25
Calculate the remainder when 2248570 is divided by 1632.
1306
Calculate 